ommon divisor of 304 and z?
16
Let y = 3156 + -2571. What is the highest common divisor of y and 25?
5
Suppose 14*y + 12*y - 16786 = -3786. What is the highest common divisor of y and 900?
100
Let c be (-615)/(-7) + 2 + 65/(-35). Suppose 4*y + 547 = 2*h - 501, -2*h + 1060 = 2*y. Let x be h/(-16)*2/(-3). What is the greatest common factor of c and x?
22
Let s be 450 - (-7 - (-5 + 4)). Let z = -396 + s. What is the highest common divisor of 255 and z?
15
Suppose -5203 = -31*k + 18*k - 30*k. Calculate the greatest common divisor of 572 and k.
11
Suppose 139*w = -206*w + 2937 + 1203. Calculate the highest common divisor of w and 4476.
12
Let i = -51 + -47. Let h be (-826)/i + 3/(-7). Let f = 23 - 7. Calculate the highest common divisor of f and h.
8
Let i(s) = 468*s + 5638. Let z be i(54). What is the greatest common factor of 110 and z?
110
Let x = 9 - 5. Suppose 3*f = 4*q + 68, 4*f - 30 = -x*q + 42. Let z = -5559 - -5567. What is the highest common factor of f and z?
4
Let m = -26 + 40. Let x be ((-3355)/(-33))/((-1)/(-3)). Suppose 2*j - x - 3 = 0. Calculate the highest common divisor of m and j.
14
Let z(f) = -11*f - 513. Let m be z(-57). Calculate the highest common divisor of 399 and m.
57
Suppose 18*b - 154 = 296. Let h be ((-2385)/b - -3)*-5. What is the greatest common factor of 42 and h?
42
Let a = 5171 + -5161. Calculate the highest common factor of 1010 and a.
10
Let r = 3045 - 1604. Suppose -4481 = -20*t - r. Suppose x + 76 = 5*x. Calculate the highest common factor of t and x.
19
Suppose -780 = -10692*b + 10666*b. Let p be (-1*1)/(1/13). Let c = 17 - p. What is the highest common factor of b and c?
30
Let d(w) = -w**2 - 66*w + 3340. Let n be d(-82). Calculate the highest common divisor of n and 84.
12
Let y = 227 - 161. Suppose 60*k - y*k + 714 = 0. What is the greatest common divisor of 17 and k?
17
Let d = -5167 + 5509. Calculate the highest common divisor of d and 76.
38
Let z = 7581 + -7246. What is the greatest common divisor of 1608 and z?
67
Suppose -2*a = -805 - 731. Suppose 26*r = 20*r - a. Let q = r + 135. Calculate the greatest common divisor of q and 77.
7
Suppose 2*t - 2*j - 7018 = 0, -2*t + 2*j + 6988 = 5*j. What is the highest common factor of 217 and t?
31
Let s(g) = g. Let n = 47 - 37. Let w(v) = -v**3 - 2*v**2 - 4*v + 1. Let x(o) = n*s(o) + 2*w(o). Let y be x(-3). What is the greatest common factor of 14 and y?
14
Let r = 20 + -17. Let o(k) be the second derivative of -k**4/12 - 5*k**3/6 - 2*k**2 - 2*k. Let p be o(-3). Calculate the greatest common divisor of p and r.
1
Let b = 130 - -123. Let y = 291 - b. Calculate the highest common factor of y and 494.
38
Suppose -4*m = -4*l - 8, -2*l + 3*m - 37 = -34. Let p be (l + (-30)/(-9))*492. Calculate the greatest common factor of p and 2.
2
Let g be (18/7)/((-23)/(-9177)). Suppose -108*t + 126*t = g. What is the greatest common factor of t and 38?
19
Suppose 0 = -3*w + 60*l - 55*l - 2, 5*w = -5*l + 50. Let q be ((-248)/12)/((-4)/w) + 1. Calculate the greatest common factor of 256 and q.
32
Let r be 276/4 + -2 + -4. Let i(j) = j**2 - 8*j + 3. Let m be i(8). Suppose -5 = 5*y, -5*s + m*y + 0*y = -213. What is the highest common divisor of r and s?
21
Suppose 0*w + 3*w - 4 = 4*u, -4*u = -8. Suppose 0 = -w*x + 5*x - 3*y - 25, -2*y - 10 = 0. What is the greatest common divisor of 15 and x?
5
Let j = -18165 + 18693. Calculate the highest common divisor of 344 and j.
8
Let l(t) = 5*t - 17*t + 4*t**2 + 31*t**3 - 33504 + 33516. Let v be l(2). Calculate the highest common factor of v and 54.
18
Let c(h) = 9*h**3 - 9*h - 2 - 8*h**3 - 5*h**2 + 2*h**2 + 15. Let m be c(5). Calculate the greatest common divisor of m and 126.
18
Suppose -y - 1414 = -3*d, 360 + 599 = 2*d - 3*y. What is the highest common divisor of d and 335?
67
Let j = -201 - -252. Let c be j + -1 - (-27 + 27). What is the greatest common factor of c and 225?
25
Let a = -22717 + 22885. Calculate the greatest common divisor of 288 and a.
24
Suppose -2574*i + x = -2577*i + 7012, 4*i - 9346 = -3*x. What is the highest common factor of i and 14?
14
Let h = -2035 + 2117. What is the highest common divisor of 1968 and h?
82
Suppose -81*u = 308*u - 56016. What is the highest common divisor of u and 1935?
9
Suppose 37 = 4*o - 63. Suppose 0 = o*b + 13*b - 25346. Calculate the greatest common factor of 29 and b.
29
Let v(t) = 32 + 19 - 41 + t. Let b be v(-7). Let i(s) = 68*s - 4. Let z be i(b). What is the greatest common divisor of z and 40?
40
Let j(y) = 48 - 26*y**2 - 15*y - 40*y**2 + 65*y**2. Let z be j(-15). Calculate the highest common factor of 3 and z.
3
Suppose 5*d - 6370 = -21*d. Calculate the greatest common divisor of d and 595.
35
Suppose 250 = -52264*h + 52272*h - 86. Calculate the highest common divisor of h and 4886.
14
Suppose 0 = 5*l + 15, 7*o - 4*o = 4*l + 36. Suppose -9*w + 4*w = q - o, 4*q - 4*w - 128 = 0. What is the greatest common factor of 4 and q?
4
Let j(i) = i**3 - i**2 - 6*i + 2. Let t be j(4). Let r be 2/6 - (0 - (-33)/(-9)). Suppose -13 = -r*o + 39. Calculate the highest common divisor of t and o.
13
Let x be (366/(-18) + 3)*-12. Suppose 21*w - x = 17*w. What is the highest common divisor of 8 and w?
4
Let q be 46/((-1026)/133 + 8). Calculate the greatest common factor of 621 and q.
23
Suppose 0 = -4*t - 5*a + 1041, -5*a + 313 - 49 = t. Suppose -2475 - 633 = -42*y. Calculate the highest common factor of y and t.
37
Suppose 0 = 26*b + 14*b + 120*b - 3840. What is the highest common factor of b and 13368?
24
Let k = 1002 + -995. Let w be (-33)/(-15) + (-1)/5. Suppose 0*g = -w*g + 70. Calculate the greatest common divisor of g and k.
7
Suppose 5*q - 5053 = -3*m, 4*q + 19*m - 4040 = 17*m. What is the highest common factor of q and 689?
53
Let p(g) = -g**3 - 7*g**2 + 12*g + 15. Let d be p(-8). Let v(y) = -y**2 - 16*y + 23. Let l be v(d). Calculate the greatest common factor of 36 and l.
6
Suppose 9*g + 56 = 16*g. Let u be (32/10)/(((-48)/(-75))/g). Calculate the greatest common divisor of 30 and u.
10
Let b(x) = 3*x**2 + 43*x + 142. Let j be b(-11). What is the highest common divisor of j and 96?
32
Suppose 4*f = -f + 25. Suppose 5*y + 5*k = f, y + 2*k + 10 = 5*y. Suppose 2*w = 4*a + y + 44, -5*a - 68 = -3*w. What is the greatest common factor of w and 42?
21
Suppose -3*y - 16 = -y. Let f = 7 + y. Let t be -6*10/(-15) + f. Calculate the greatest common divisor of 15 and t.
3
Suppose -4*v = -4*v + 5*v. Suppose v*n - 7*n + 49 = 0. Suppose 0 = 2*o, 5*x + 18 = n*x + o. Calculate the greatest common factor of x and 27.
9
Let x be ((-38896)/130)/((-10)/725). What is the highest common factor of 29 and x?
29
Suppose 0 = m + 4*w - 7, 0 = 4*m - 3*w - 9. Suppose 3*i = -4*c + 285, -7*i = 5*c - m*i - 355. What is the highest common factor of 3 and c?
3
Suppose -4*s - b = -10388, 5*s + 373*b - 370*b = 12992. What is the greatest common divisor of 177 and s?
59
Let i(x) = 25*x + 1854. Let n be i(100). What is the highest common divisor of 14 and n?
14
Let o(d) = 387*d**2 - 1623*d - 5. Let j be o(-5). Calculate the highest common divisor of 5 and j.
5
Let j = 4096 - 3359. Calculate the highest common divisor of 143 and j.
11
Suppose 2*m - 327 = -3*g, -g + 0*m + 83 = 5*m. Calculate the greatest common factor of 10961 and g.
113
Suppose 238*z - 177320 = -103*z. What is the highest common factor of 1400 and z?
40
Let z be 3/(-84)*-4 + 3410/434. Suppose -6*c + c - 30 = 0. Let l be (0 - (-28)/(-3))*c. What is the highest common divisor of z and l?
8
Suppose g - 3*h = 60, 10*g = 11*g - 5*h - 56. Suppose 1235 = -61*b + g*b. What is the greatest common divisor of b and 19?
19
Suppose 0 = 3*y + 20 - 335. Let u be (-280)/(-24)*(35 + 7). Suppose -u = -14*n + 7*n. Calculate the greatest common factor of y and n.
35
Let y(l) = 5*l**2 + 6*l - 1. Let w be y(4). Let b be (1/(-4) - (-3)/(-12))/((-12)/2448). Let q = w - b. Calculate the highest common divisor of q and 2.
1
Let j be (9 - 20) + (-2655)/(-20) + 27/(-36). Let d be (-198)/3*4/(-3). What is the greatest common divisor of j and d?
11
Suppose 0*h = h - 221. Suppose -49 = -8*x + 5*x - 2*o, o = x - 18. What is the highest common factor of h and x?
17
Let h(p) = -p - 23. Let l(i) = i + 24. Let z(u) = 5*h(u) + 6*l(u). Let f be z(-8). What is the highest common divisor of f and 2